(a)?
47
Suppose 2*t + 3 = -t. Let n be (2 + -2)*t/(-2). Let v(h) = 3*h**3 + h**2 + h - 7. Let m(y) = -4*y**3 - y**2 - y + 8. Let f(o) = 2*m(o) + 3*v(o). Determine f(n).
-5
Let z(d) = -3*d**2 - 6*d - 12. Let m be z(-5). Let q = m + 62. Let j(t) = -2*t**3 + 4 + 6*t**2 - 2*t - 3*t + t**3. Calculate j(q).
4
Let n be 15*(2 + (-24)/15). Suppose g = -2*g - n, 5*f + g - 2003 = 0. Let b(h) = 401 - h - f. What is b(-6)?
6
Let h(p) = -7*p**2 - 4*p + 6. Let d(t) = -9*t**2 - 3*t + 4. Let b(i) = -4*d(i) + 5*h(i). Calculate b(9).
23
Let x(c) = -2 - 4*c**3 + 340770*c - 340773*c + 6*c**3 + c**2. What is x(-2)?
-8
Let c(y) = -5*y - 34. Suppose -3*l + 2414 - 2438 = 0. Calculate c(l).
6
Let q(a) = 20*a + 1 + 4*a**2 - a**3 - 45*a + 6 + 22*a. Determine q(5).
-33
Suppose 248 = 10*a - 41*a. Let r(y) = -2*y**2 - 15*y + 6. Give r(a).
-2
Let j(x) = -4*x**2 + x - 1. Let d(n) = -3*n**2 - 4*n - 7. Let c(z) = -d(z) + j(z). Calculate c(5).
6
Let a(w) be the second derivative of w**7/2520 - w**6/720 - w**5/60 + 5*w**4/6 + 6*w. Let j(r) be the third derivative of a(r). Calculate j(0).
-2
Let k(s) = 9*s**2 - 2*s - 3. Suppose 4*v = 3*z + 9, 3*v + 6 = -2*z + 5*v. Let j(u) = -4*u**2 + u + 2. Let i(h) = z*k(h) - 7*j(h). What is i(-4)?
15
Let m(z) = z + 3. Let y(c) = -3*c - 54. Let f be y(-17). What is m(f)?
0
Let n(z) be the first derivative of -7*z**2 + 3*z - 76. What is n(2)?
-25
Let x(z) = z**3 + 5*z**2 + 5*z - 1. Let n be x(-4). Let c(h) be the second derivative of 5/2*h**2 - 5/12*h**4 + 1/2*h**3 - 41*h - 1/20*h**5 + 0. Calculate c(n).
-10
Let a(m) = -2*m**3 - 10*m**2 + 10*m - 9. Let j(n) = -n**3 - 10*n**2 + 10*n - 10. Let r(z) = -2*a(z) + 3*j(z). What is r(9)?
-3
Let y(v) = -2*v**3 + 4*v**2 - 5*v - 6. Let z = -12 + 6. Let g(b) = -6*b**3 + 11*b**2 - 14*b - 17. Let l(o) = z*g(o) + 17*y(o). Give l(-2).
-6
Let k(v) = v**2 - 4*v - 3. Let s be k(5). Let c(p) = 4*p**2 - 4*p + 16. Let g(h) = h**2 - h + 3. Let l(j) = c(j) - 6*g(j). Determine l(s).
-6
Let w(i) = -6*i**3 - 2*i**2 - 2*i - 1. Let c(b) be the second derivative of b**3/3 + 5*b**2/2 + 2*b. Let u be c(-6). Let m = -8 - u. What is w(m)?
5
Let r(v) = v - 8. Let i = 104 + -102. Let f be r(i). Let m(d) = -d**2 - 6*d + 4. Determine m(f).
4
Let m(r) be the first derivative of r**4/4 - 5*r**3/3 - 5*r**2/2 - r - 6. Let f be 86/8 - (-4)/16. Suppose 4*y + f = 35. Give m(y).
5
Let h = -28 + 31. Suppose -h*q - 2*n - 7 + 2 = 0, 2*q = -n - 4. Let r(l) = -l**2 + 2. Calculate r(q).
-7
Let h = -4 - 0. Let j(c) = c + 2*c**2 - 5 - 6*c - 146*c**3 + 147*c**3. Determine j(h).
-17
Let i(c) = -10 - 33*c + 6 + 21*c + 11*c - 18. Calculate i(-7).
-15
Let o be (-1)/((-2)/((-16)/8)). Let v(d) = -2*d**3 + 5*d + 4. Give v(o).
1
Let z(p) = 22*p + 59*p + 5 - 2*p**2 - 78*p. Determine z(4).
-15
Let l be 192/(-80)*22/18 + 3. Let u(g) be the third derivative of 0*g - 1/8*g**4 + 0 - g**2 - 1/120*g**6 - l*g**5 - 2/3*g**3. What is u(-4)?
8
Let f(g) = 692 + g - 684 - 13*g**2 - 3*g**3 + 2*g**3. What is f(-13)?
-5
Let f(c) = 3*c - 2. Let b(m) = 15*m - 11. Let l(u) = -2*b(u) + 11*f(u). Let p = 23 - 26. Calculate l(p).
-9
Let u(i) = 4*i**3 + 5*i**2 + 10*i + 7. Let v(z) = 7*z**3 + 11*z**2 + 19*z + 13. Let b(w) = 5*u(w) - 3*v(w). Let s = -17831 + 17824. Determine b(s).
-4
Let r(g) be the second derivative of g**5/20 - 2*g**4/3 - 3*g**3/2 + 2*g**2 - 2*g + 18. Calculate r(9).
4
Let o(r) = 4 - r**2 - r**2 - 3*r - r**2. Let v(z) = -28*z**2 - 3*z - 2. Let m be v(-1). Let g be 1/((-9)/(-6))*m/6. What is o(g)?
-14
Let i be 0 - -2*(2 - -1). Let m(w) be the second derivative of 0 - 1/12*w**4 + 5/6*w**3 + 0*w**2 - 29*w. What is m(i)?
-6
Let j(i) = -2*i. Let p = -13 - -11. Let w be j(p). Suppose -y - 4*b + 10 = 0, 4*y + w*b - 20 = 8. Let g(a) = -a**2 + 7*a - 7. Calculate g(y).
-1
Suppose 5*h - 10*h = -4*p - 15, 0 = -5*p + 4*h - 21. Let u(q) be the third derivative of -q**6/120 - q**5/15 + q**4/8 + 2*q**3/3 + 2*q**2. Give u(p).
14
Suppose 67 = -9*h + 4. Let d(j) = j**2 + 6*j - 4. What is d(h)?
3
Let i(k) be the third derivative of -k**4/24 + k**3/6 - 6*k**2 - 2. Determine i(-13).
14
Let l be (4 + -2)*-2*(5 - 4). Let c(s) = s**3 + 4*s**2 - 2. Determine c(l).
-2
Let q(r) = 6*r + 14. Let k be q(6). Suppose m - 3*j + 7 + 9 = 0, -5*m + 5*j = k. Let h(t) = -t**2 - 6*t + 10. What is h(m)?
3
Let p(q) = -5*q**2 + 39*q - 3. Suppose -c - h + 22 = 2*c, c - 3*h = 14. Let n be p(c). Let z(b) = -b**3 - 10*b**2 + 11*b + 1. Give z(n).
1
Suppose 3*k + 5*g = 0, 2*g = -28*k + 26*k. Suppose 5*n + 5*i - 25 = 0, n + 4*i = i + 5. Let a(r) = k*r - n*r**2 - 10*r - r**3 + 6*r - 1. Give a(-4).
-1
Let z(q) = -3*q + 1. Let s = 27 - 28. Give z(s).
4
Let n(q) = -2*q**3 + 3*q**2 - 3. Suppose 15 = 21*d - 16*d. What is n(d)?
-30
Let s(g) be the second derivative of g**4/24 - g**3 + 3*g**2 + 23*g. Let k(t) be the first derivative of s(t). Calculate k(-6).
-12
Let f(h) be the second derivative of 0*h**2 - 1/6*h**3 + 0*h**4 - 2*h + 0 - 1/120*h**6 - 1/120*h**5. Let y(b) be the second derivative of f(b). Determine y(-1).
-2
Let y(t) = 3*t. Let m be -2 + -23 + 2 + 0. Let a = 34 + m. Suppose -a = v - 7. Give y(v).
-12
Let p(k) = 8*k**3 - k**2 + k + 1. Let s be ((-1)/(-3))/((-2)/(-18)). Let u = -56 - -57. Suppose 0 = 4*x + u + s. Give p(x).
-9
Let p(o) = o**2 - 4*o - 29. Let h be p(8). Let g(f) = h*f**2 - 4*f**2 + 5 - 71*f**3 + 70*f**3. Determine g(0).
5
Let v(g) be the first derivative of -2*g**2 - 2*g - 488. Determine v(7).
-30
Let a(j) = -j**2 - 5*j. Let c be (-1)/(-3) + 88/6. Let q = -19 + c. What is a(q)?
4
Suppose -5*x + w = 22, -3*x - 3*w = 2*w + 30. Let l(r) = -573*r + r**2 - 3 + 293*r + 284*r. Calculate l(x).
2
Let m(d) = 6*d - 3. Let p be m(1). Let l(w) = 0*w**3 + 3*w**3 + 5*w**p - 9*w - 3 - 7*w**3 + 8*w**2. Calculate l(-9).
-3
Let c(r) = 2*r**2 + 19*r - 27. Let a be c(-11). Let b(h) = h**2 - 6*h + 4. Determine b(a).
4
Let w(c) = -3*c**2 + 11*c + 10. Let u(x) = -2*x**2 + 10*x + 9. Let s(o) = -4*u(o) + 3*w(o). Give s(-4).
6
Let m(a) = 2*a**2 - 4*a**2 - 9 - a**3 + 6*a - 4*a**2. Let w(u) = -3*u + 30. Let t be w(12). Let k be (35/(-15))/((-2)/t). Determine m(k).
-2
Suppose -2*k + 2*j - 46 = 0, k - 2*j + 8 = 2*j. Let r = -29 - k. Let g(a) be the first derivative of a**4 + a**3/3 - a - 1. Determine g(r).
-4
Let u(d) = -9*d**2 + 38*d + 4. Let g(i) = -8*i**2 + 37*i + 5. Let t(x) = -3*g(x) + 2*u(x). Let s be t(6). Let y(n) = -5*n - 1. Calculate y(s).
4
Let w be 6/(-6) + 6 + 1. Let i(b) = -5*b + 7. Calculate i(w).
-23
Let x be (-6)/(-4)*20/(-6). Let o(i) be the third derivative of -i**7/5040 + i**6/360 - i**5/60 + i**2. Let c(v) be the third derivative of o(v). What is c(x)?
7
Let j = -68 + 70. Let q(o) = 14*o + j*o - 8*o + 14 - 7*o. Determine q(-8).
6
Suppose 3*d = -d + 8. Let n(a) = 4 - 4*a**3 - 4*a**2 + 5*a**3 - 9 + d*a. Let x = -6 + 10. Determine n(x).
3
Let l(f) be the second derivative of -7*f - 1/2*f**3 - 7/2*f**2 + 1/12*f**4 + 0. Let k be (5/(-2))/((-2)/4). What is l(k)?
3
Let i(x) = 7*x**2 + 2*x + 1. Suppose 4*t + 2*r = 16, -5*r = -6*t + 3*t - 1. Let a(n) = t - n - 1 - n + n. Let w be a(3). Give i(w).
6
Let i(v) be the third derivative of -v**7/840 + v**6/720 + 4*v**4/3 - 26*v**2. Let o(k) be the second derivative of i(k). Give o(-1).
-4
Let x(d) = d + 3. Suppose 5*y + 35 = 10. Determine x(y).
-2
Suppose 3*y + 0*y = 36. Let v = 7 - y. Let z(i) be the first derivative of -i**2/2 - i + 13795. Calculate z(v).
4
Let z(j) = 15*j + 1. Let o(c) = 91*c**2 - 2*c + 1. Let x be o(1). Let u be (-110)/x + 4/18. What is z(u)?
-14
Let f(u) = 13*u**2 + 11*u - 11. Let z(t) = -10*t**2 - 9*t + 10. Let k(p) = -3*f(p) - 4*z(p). Calculate k(-7).
21
Let j(a) = -a - 1. Let l(c) = c**2 - 4*c - 13. Let t be l(7). Suppose 16*w - 20*w + t = 0. Calculate j(w).
-3
Let l(q) = -14*q**2 + q + 21. Let v(h) = 8*h**2 - 4. Let m(w) = -15*w**2 + 9. Let s(c) = 3*m(c) + 5*v(c). Let b(r) = 4*l(r) - 11*s(r). Determine b(6).
-5
Let l(m) = 2*m**2 - 2*m + 1. Let q(j) = -j**3 + 4*j**2 + 3. Let x be q(3). Let n be x*(-3)/(-12 + 3). Suppose -4*k = -6*k + n. What is l(k)?
5
Let f(i) = -4*i**2 + 2. Let v = 128 - 126. What is f(v)?
-14
Let x(o) = -o - 3. Let q be 2 - (12/(-15))/(2/(-215)). Let a = 81 + q. Give x(a).
0
Suppose -4*j - 1 = -17. Suppose w - 5*w = -60. Suppose -3*i = -j*h + w, 5*h - 12 = -5*i + 2*i. Let v(l) = 2*l + 1. Determine v(i).
-1
Let g(x) = x*